{"id":9278,"date":"2025-09-24T16:21:00","date_gmt":"2025-09-24T14:21:00","guid":{"rendered":"https:\/\/mucbo.org\/projectes-mucbo\/la-flora-de-ledat-de-gel-les-plantes-de-les-balears-durant-el-quaternari\/"},"modified":"2026-04-24T08:29:41","modified_gmt":"2026-04-24T06:29:41","slug":"la-flora-de-ledat-de-gel-les-plantes-de-les-balears-durant-el-quaternari","status":"publish","type":"projectes-mucbo","link":"https:\/\/mucbo.org\/es\/projectes-mucbo\/la-flora-de-ledat-de-gel-les-plantes-de-les-balears-durant-el-quaternari\/","title":{"rendered":"La flora de l&#8217;edat de gel: les plantes de les Balears durant el Quaternari"},"content":{"rendered":"<p>El MUCBO | Museu de Ci\u00e8ncies Naturals\u00a0ha realitzat il\u00b7lustracions de 45 esp\u00e8cies de plantes t\u00edpiques de la darrera edat de gel, normalment adaptades a climes m\u00e9s freds, aix\u00ed com d&#8217;esp\u00e8cies relictes, que avui en dia es troben sols a zones resguardades i humides o b\u00e9 als cims m\u00e9s alts de les nostres Serres. L\u2019activitat ha estat finan\u00e7ada per la Conselleria d\u2019Agricultura, Pesca i Medi Natural del Govern de les Illes Balears, en el marc dels ajuts per a activitats d\u2019educaci\u00f3 ambiental de l\u2019any 2025.<\/p>","protected":false},"featured_media":9273,"template":"","class_list":["post-9278","projectes-mucbo","type-projectes-mucbo","status-publish","has-post-thumbnail","hentry"],"acf":[],"yoast_head":"<!-- This site is optimized with the Yoast SEO plugin v24.2 - https:\/\/yoast.com\/wordpress\/plugins\/seo\/ -->\n<title>La flora de l&#039;edat de gel: les plantes de les Balears durant el Quaternari - MUCBO<\/title>\n<meta name=\"robots\" content=\"index, follow, max-snippet:-1, max-image-preview:large, max-video-preview:-1\" \/>\n<link rel=\"canonical\" href=\"https:\/\/mucbo.org\/es\/projectes-mucbo\/la-flora-de-ledat-de-gel-les-plantes-de-les-balears-durant-el-quaternari\/\" \/>\n<meta property=\"og:locale\" content=\"es_ES\" \/>\n<meta property=\"og:type\" content=\"article\" \/>\n<meta property=\"og:title\" content=\"La flora de l&#039;edat de gel: les plantes de les Balears durant el Quaternari - MUCBO\" \/>\n<meta property=\"og:description\" content=\"El MUCBO | Museu de Ci\u00e8ncies Naturals\u00a0ha realitzat il\u00b7lustracions de 45 esp\u00e8cies de plantes t\u00edpiques de la darrera edat de gel, normalment adaptades a climes m\u00e9s freds, aix\u00ed com d&#8217;esp\u00e8cies relictes, que avui en dia es troben sols a zones resguardades i humides o b\u00e9 als cims m\u00e9s alts de les nostres Serres. L\u2019activitat ha [&hellip;]\" \/>\n<meta property=\"og:url\" content=\"https:\/\/mucbo.org\/es\/projectes-mucbo\/la-flora-de-ledat-de-gel-les-plantes-de-les-balears-durant-el-quaternari\/\" \/>\n<meta property=\"og:site_name\" content=\"MUCBO\" \/>\n<meta property=\"article:modified_time\" content=\"2026-04-24T06:29:41+00:00\" \/>\n<meta property=\"og:image\" content=\"https:\/\/mucbo.org\/wp-content\/uploads\/IMG_20250924_140729.jpg\" \/>\n\t<meta property=\"og:image:width\" content=\"942\" \/>\n\t<meta property=\"og:image:height\" content=\"1260\" \/>\n\t<meta property=\"og:image:type\" content=\"image\/jpeg\" \/>\n<meta name=\"twitter:card\" content=\"summary_large_image\" \/>\n<meta name=\"twitter:label1\" content=\"Tiempo de lectura\" \/>\n\t<meta name=\"twitter:data1\" content=\"1 minuto\" \/>\n<script type=\"application\/ld+json\" class=\"yoast-schema-graph\">{\"@context\":\"https:\/\/schema.org\",\"@graph\":[{\"@type\":\"WebPage\",\"@id\":\"https:\/\/mucbo.org\/es\/projectes-mucbo\/la-flora-de-ledat-de-gel-les-plantes-de-les-balears-durant-el-quaternari\/\",\"url\":\"https:\/\/mucbo.org\/es\/projectes-mucbo\/la-flora-de-ledat-de-gel-les-plantes-de-les-balears-durant-el-quaternari\/\",\"name\":\"La flora de l'edat de gel: les plantes de les Balears durant el Quaternari - MUCBO\",\"isPartOf\":{\"@id\":\"https:\/\/mucbo.org\/es\/#website\"},\"primaryImageOfPage\":{\"@id\":\"https:\/\/mucbo.org\/es\/projectes-mucbo\/la-flora-de-ledat-de-gel-les-plantes-de-les-balears-durant-el-quaternari\/#primaryimage\"},\"image\":{\"@id\":\"https:\/\/mucbo.org\/es\/projectes-mucbo\/la-flora-de-ledat-de-gel-les-plantes-de-les-balears-durant-el-quaternari\/#primaryimage\"},\"thumbnailUrl\":\"https:\/\/mucbo.org\/wp-content\/uploads\/IMG_20250924_140729.jpg\",\"datePublished\":\"2025-09-24T14:21:00+00:00\",\"dateModified\":\"2026-04-24T06:29:41+00:00\",\"breadcrumb\":{\"@id\":\"https:\/\/mucbo.org\/es\/projectes-mucbo\/la-flora-de-ledat-de-gel-les-plantes-de-les-balears-durant-el-quaternari\/#breadcrumb\"},\"inLanguage\":\"es\",\"potentialAction\":[{\"@type\":\"ReadAction\",\"target\":[\"https:\/\/mucbo.org\/es\/projectes-mucbo\/la-flora-de-ledat-de-gel-les-plantes-de-les-balears-durant-el-quaternari\/\"]}]},{\"@type\":\"ImageObject\",\"inLanguage\":\"es\",\"@id\":\"https:\/\/mucbo.org\/es\/projectes-mucbo\/la-flora-de-ledat-de-gel-les-plantes-de-les-balears-durant-el-quaternari\/#primaryimage\",\"url\":\"https:\/\/mucbo.org\/wp-content\/uploads\/IMG_20250924_140729.jpg\",\"contentUrl\":\"https:\/\/mucbo.org\/wp-content\/uploads\/IMG_20250924_140729.jpg\",\"width\":942,\"height\":1260},{\"@type\":\"BreadcrumbList\",\"@id\":\"https:\/\/mucbo.org\/es\/projectes-mucbo\/la-flora-de-ledat-de-gel-les-plantes-de-les-balears-durant-el-quaternari\/#breadcrumb\",\"itemListElement\":[{\"@type\":\"ListItem\",\"position\":1,\"name\":\"Inicio\",\"item\":\"https:\/\/mucbo.org\/es\/\"},{\"@type\":\"ListItem\",\"position\":2,\"name\":\"La flora de l&#8217;edat de gel: les plantes de les Balears durant el Quaternari\"}]},{\"@type\":\"WebSite\",\"@id\":\"https:\/\/mucbo.org\/es\/#website\",\"url\":\"https:\/\/mucbo.org\/es\/\",\"name\":\"MUCBO\",\"description\":\"Fundaci\u00f3 Jard\u00ed Bot\u00e0nic de S\u00f3ller - Museu Balear de Ci\u00e8ncies Naturals\",\"potentialAction\":[{\"@type\":\"SearchAction\",\"target\":{\"@type\":\"EntryPoint\",\"urlTemplate\":\"https:\/\/mucbo.org\/es\/?s={search_term_string}\"},\"query-input\":{\"@type\":\"PropertyValueSpecification\",\"valueRequired\":true,\"valueName\":\"search_term_string\"}}],\"inLanguage\":\"es\"}]}<\/script>\n<!-- \/ Yoast SEO plugin. -->","yoast_head_json":{"title":"La flora de l'edat de gel: les plantes de les Balears durant el Quaternari - MUCBO","robots":{"index":"index","follow":"follow","max-snippet":"max-snippet:-1","max-image-preview":"max-image-preview:large","max-video-preview":"max-video-preview:-1"},"canonical":"https:\/\/mucbo.org\/es\/projectes-mucbo\/la-flora-de-ledat-de-gel-les-plantes-de-les-balears-durant-el-quaternari\/","og_locale":"es_ES","og_type":"article","og_title":"La flora de l'edat de gel: les plantes de les Balears durant el Quaternari - MUCBO","og_description":"El MUCBO | Museu de Ci\u00e8ncies Naturals\u00a0ha realitzat il\u00b7lustracions de 45 esp\u00e8cies de plantes t\u00edpiques de la darrera edat de gel, normalment adaptades a climes m\u00e9s freds, aix\u00ed com d&#8217;esp\u00e8cies relictes, que avui en dia es troben sols a zones resguardades i humides o b\u00e9 als cims m\u00e9s alts de les nostres Serres. L\u2019activitat ha [&hellip;]","og_url":"https:\/\/mucbo.org\/es\/projectes-mucbo\/la-flora-de-ledat-de-gel-les-plantes-de-les-balears-durant-el-quaternari\/","og_site_name":"MUCBO","article_modified_time":"2026-04-24T06:29:41+00:00","og_image":[{"width":942,"height":1260,"url":"https:\/\/mucbo.org\/wp-content\/uploads\/IMG_20250924_140729.jpg","type":"image\/jpeg"}],"twitter_card":"summary_large_image","twitter_misc":{"Tiempo de lectura":"1 minuto"},"schema":{"@context":"https:\/\/schema.org","@graph":[{"@type":"WebPage","@id":"https:\/\/mucbo.org\/es\/projectes-mucbo\/la-flora-de-ledat-de-gel-les-plantes-de-les-balears-durant-el-quaternari\/","url":"https:\/\/mucbo.org\/es\/projectes-mucbo\/la-flora-de-ledat-de-gel-les-plantes-de-les-balears-durant-el-quaternari\/","name":"La flora de l'edat de gel: les plantes de les Balears durant el Quaternari - MUCBO","isPartOf":{"@id":"https:\/\/mucbo.org\/es\/#website"},"primaryImageOfPage":{"@id":"https:\/\/mucbo.org\/es\/projectes-mucbo\/la-flora-de-ledat-de-gel-les-plantes-de-les-balears-durant-el-quaternari\/#primaryimage"},"image":{"@id":"https:\/\/mucbo.org\/es\/projectes-mucbo\/la-flora-de-ledat-de-gel-les-plantes-de-les-balears-durant-el-quaternari\/#primaryimage"},"thumbnailUrl":"https:\/\/mucbo.org\/wp-content\/uploads\/IMG_20250924_140729.jpg","datePublished":"2025-09-24T14:21:00+00:00","dateModified":"2026-04-24T06:29:41+00:00","breadcrumb":{"@id":"https:\/\/mucbo.org\/es\/projectes-mucbo\/la-flora-de-ledat-de-gel-les-plantes-de-les-balears-durant-el-quaternari\/#breadcrumb"},"inLanguage":"es","potentialAction":[{"@type":"ReadAction","target":["https:\/\/mucbo.org\/es\/projectes-mucbo\/la-flora-de-ledat-de-gel-les-plantes-de-les-balears-durant-el-quaternari\/"]}]},{"@type":"ImageObject","inLanguage":"es","@id":"https:\/\/mucbo.org\/es\/projectes-mucbo\/la-flora-de-ledat-de-gel-les-plantes-de-les-balears-durant-el-quaternari\/#primaryimage","url":"https:\/\/mucbo.org\/wp-content\/uploads\/IMG_20250924_140729.jpg","contentUrl":"https:\/\/mucbo.org\/wp-content\/uploads\/IMG_20250924_140729.jpg","width":942,"height":1260},{"@type":"BreadcrumbList","@id":"https:\/\/mucbo.org\/es\/projectes-mucbo\/la-flora-de-ledat-de-gel-les-plantes-de-les-balears-durant-el-quaternari\/#breadcrumb","itemListElement":[{"@type":"ListItem","position":1,"name":"Inicio","item":"https:\/\/mucbo.org\/es\/"},{"@type":"ListItem","position":2,"name":"La flora de l&#8217;edat de gel: les plantes de les Balears durant el Quaternari"}]},{"@type":"WebSite","@id":"https:\/\/mucbo.org\/es\/#website","url":"https:\/\/mucbo.org\/es\/","name":"MUCBO","description":"Fundaci\u00f3 Jard\u00ed Bot\u00e0nic de S\u00f3ller - Museu Balear de Ci\u00e8ncies Naturals","potentialAction":[{"@type":"SearchAction","target":{"@type":"EntryPoint","urlTemplate":"https:\/\/mucbo.org\/es\/?s={search_term_string}"},"query-input":{"@type":"PropertyValueSpecification","valueRequired":true,"valueName":"search_term_string"}}],"inLanguage":"es"}]}},"_links":{"self":[{"href":"https:\/\/mucbo.org\/es\/wp-json\/wp\/v2\/projectes-mucbo\/9278","targetHints":{"allow":["GET"]}}],"collection":[{"href":"https:\/\/mucbo.org\/es\/wp-json\/wp\/v2\/projectes-mucbo"}],"about":[{"href":"https:\/\/mucbo.org\/es\/wp-json\/wp\/v2\/types\/projectes-mucbo"}],"wp:featuredmedia":[{"embeddable":true,"href":"https:\/\/mucbo.org\/es\/wp-json\/wp\/v2\/media\/9273"}],"wp:attachment":[{"href":"https:\/\/mucbo.org\/es\/wp-json\/wp\/v2\/media?parent=9278"}],"curies":[{"name":"wp","href":"https:\/\/api.w.org\/{rel}","templated":true}]}}

<p>El MUCBO | Museu de Ciències Naturals ha realitzat il·lustracions de 45 espècies de plantes típiques de la darrera edat de gel, normalment adaptades a climes més freds, així com d&#8217;espècies relictes, que avui en dia es troben sols a zones resguardades i humides o bé als cims més alts de les nostres Serres. L’activitat ha estat finançada per la Conselleria d’Agricultura, Pesca i Medi Natural del Govern de les Illes Balears, en el marc dels ajuts per a activitats d’educació ambiental de l’any 2025.</p>

<!-- This site is optimized with the Yoast SEO plugin v24.2 - https://yoast.com/wordpress/plugins/seo/ -->
<title>La flora de l&#039;edat de gel: les plantes de les Balears durant el Quaternari - MUCBO</title>
<meta name="robots" content="index, follow, max-snippet:-1, max-image-preview:large, max-video-preview:-1" />
<link rel="canonical" href="https://mucbo.org/es/projectes-mucbo/la-flora-de-ledat-de-gel-les-plantes-de-les-balears-durant-el-quaternari/" />
<meta property="og:locale" content="es_ES" />
<meta property="og:type" content="article" />
<meta property="og:title" content="La flora de l&#039;edat de gel: les plantes de les Balears durant el Quaternari - MUCBO" />
<meta property="og:description" content="El MUCBO | Museu de Ciències Naturals ha realitzat il·lustracions de 45 espècies de plantes típiques de la darrera edat de gel, normalment adaptades a climes més freds, així com d&#8217;espècies relictes, que avui en dia es troben sols a zones resguardades i humides o bé als cims més alts de les nostres Serres. L’activitat ha [&hellip;]" />
<meta property="og:url" content="https://mucbo.org/es/projectes-mucbo/la-flora-de-ledat-de-gel-les-plantes-de-les-balears-durant-el-quaternari/" />
<meta property="og:site_name" content="MUCBO" />
<meta property="article:modified_time" content="2026-04-24T06:29:41+00:00" />
<meta property="og:image" content="https://mucbo.org/wp-content/uploads/IMG_20250924_140729.jpg" />
	<meta property="og:image:width" content="942" />
	<meta property="og:image:height" content="1260" />
	<meta property="og:image:type" content="image/jpeg" />
<meta name="twitter:card" content="summary_large_image" />
<meta name="twitter:label1" content="Tiempo de lectura" />
	<meta name="twitter:data1" content="1 minuto" />
<script type="application/ld+json" class="yoast-schema-graph">{"@context":"https://schema.org","@graph":[{"@type":"WebPage","@id":"https://mucbo.org/es/projectes-mucbo/la-flora-de-ledat-de-gel-les-plantes-de-les-balears-durant-el-quaternari/","url":"https://mucbo.org/es/projectes-mucbo/la-flora-de-ledat-de-gel-les-plantes-de-les-balears-durant-el-quaternari/","name":"La flora de l'edat de gel: les plantes de les Balears durant el Quaternari - MUCBO","isPartOf":{"@id":"https://mucbo.org/es/#website"},"primaryImageOfPage":{"@id":"https://mucbo.org/es/projectes-mucbo/la-flora-de-ledat-de-gel-les-plantes-de-les-balears-durant-el-quaternari/#primaryimage"},"image":{"@id":"https://mucbo.org/es/projectes-mucbo/la-flora-de-ledat-de-gel-les-plantes-de-les-balears-durant-el-quaternari/#primaryimage"},"thumbnailUrl":"https://mucbo.org/wp-content/uploads/IMG_20250924_140729.jpg","datePublished":"2025-09-24T14:21:00+00:00","dateModified":"2026-04-24T06:29:41+00:00","breadcrumb":{"@id":"https://mucbo.org/es/projectes-mucbo/la-flora-de-ledat-de-gel-les-plantes-de-les-balears-durant-el-quaternari/#breadcrumb"},"inLanguage":"es","potentialAction":[{"@type":"ReadAction","target":["https://mucbo.org/es/projectes-mucbo/la-flora-de-ledat-de-gel-les-plantes-de-les-balears-durant-el-quaternari/"]}]},{"@type":"ImageObject","inLanguage":"es","@id":"https://mucbo.org/es/projectes-mucbo/la-flora-de-ledat-de-gel-les-plantes-de-les-balears-durant-el-quaternari/#primaryimage","url":"https://mucbo.org/wp-content/uploads/IMG_20250924_140729.jpg","contentUrl":"https://mucbo.org/wp-content/uploads/IMG_20250924_140729.jpg","width":942,"height":1260},{"@type":"BreadcrumbList","@id":"https://mucbo.org/es/projectes-mucbo/la-flora-de-ledat-de-gel-les-plantes-de-les-balears-durant-el-quaternari/#breadcrumb","itemListElement":[{"@type":"ListItem","position":1,"name":"Inicio","item":"https://mucbo.org/es/"},{"@type":"ListItem","position":2,"name":"La flora de l&#8217;edat de gel: les plantes de les Balears durant el Quaternari"}]},{"@type":"WebSite","@id":"https://mucbo.org/es/#website","url":"https://mucbo.org/es/","name":"MUCBO","description":"Fundació Jardí Botànic de Sóller - Museu Balear de Ciències Naturals","potentialAction":[{"@type":"SearchAction","target":{"@type":"EntryPoint","urlTemplate":"https://mucbo.org/es/?s={search_term_string}"},"query-input":{"@type":"PropertyValueSpecification","valueRequired":true,"valueName":"search_term_string"}}],"inLanguage":"es"}]}</script>
<!-- / Yoast SEO plugin. -->

El MUCBO | Museu de Ciències Naturals ha realitzat il·lustracions de 45 espècies de plantes típiques de la darrera edat de gel, normalment adaptades a climes més freds, així com d&#8217;espècies relictes, que avui en dia es troben sols a zones resguardades i humides o bé als cims més alts de les nostres Serres. L’activitat ha [&hellip;]

Fundació Jardí Botànic de Sóller - Museu Balear de Ciències Naturals
