{"id":4796,"date":"2025-09-24T16:00:00","date_gmt":"2025-09-24T14:00:00","guid":{"rendered":"https:\/\/mucbo.org\/projectes-mucbo\/una-font-com-cap-altra-al-mon-estudi-i-proteccio-dels-animals-endemics-que-hi-habiten\/"},"modified":"2025-09-24T16:01:18","modified_gmt":"2025-09-24T14:01:18","slug":"una-font-com-cap-altra-al-mon-estudi-i-proteccio-dels-animals-endemics-que-hi-habiten","status":"publish","type":"projectes-mucbo","link":"https:\/\/mucbo.org\/es\/projectes-mucbo\/una-font-com-cap-altra-al-mon-estudi-i-proteccio-dels-animals-endemics-que-hi-habiten\/","title":{"rendered":"Una font com cap altra al m\u00f3n: estudi i protecci\u00f3 dels animals end\u00e8mics que hi habiten"},"content":{"rendered":"<p>El MUCBO | Museu de Ci\u00e8ncies Naturals ha netejat la s\u00edquia que hi ha darrere la casa del Museu, ja que s\u2019ha comprovat que hi habiten diverses esp\u00e8cies d\u2019esp\u00e8cies end\u00e8miques (caragols, crustacis&#8230;). Aquesta acci\u00f3 de conservaci\u00f3 s\u2019ha fet paral\u00b7lelament a un mostreig i estudi d\u2019aquests animals. Amb la col\u00b7laboraci\u00f3 de Lluc Garcia, de la Societat d\u2019Amics del Museu de Ci\u00e8ncies i Jard\u00ed Bot\u00e0nic de S\u00f3ller, s\u2019ha realitzat una xerrada divulgativa i s\u2019ha dissenyat un panell que s\u2019ha col\u00b7locat devora la font per tal que els visitants entenguin la seva import\u00e0ncia. Aquest projecte ha estat finan\u00e7at per CaixaBank, en el marc dels ajuts de la convocat\u00f2ria de medi ambient 2023.<\/p><figure class=\"wp-block-image size-full is-resized\"><img decoding=\"async\" width=\"2560\" height=\"529\" src=\"https:\/\/mucbo.org\/wp-content\/uploads\/Logo_CaixaBank.svg.png\" alt=\"\" class=\"wp-image-3357\" style=\"width:250px\" srcset=\"https:\/\/mucbo.org\/wp-content\/uploads\/Logo_CaixaBank.svg.png 2560w, https:\/\/mucbo.org\/wp-content\/uploads\/Logo_CaixaBank.svg-768x159.png 768w, https:\/\/mucbo.org\/wp-content\/uploads\/Logo_CaixaBank.svg-1536x317.png 1536w, https:\/\/mucbo.org\/wp-content\/uploads\/Logo_CaixaBank.svg-2048x423.png 2048w, https:\/\/mucbo.org\/wp-content\/uploads\/Logo_CaixaBank.svg-600x124.png 600w\" sizes=\"(max-width: 2560px) 100vw, 2560px\" \/><\/figure>","protected":false},"featured_media":4383,"template":"","class_list":["post-4796","projectes-mucbo","type-projectes-mucbo","status-publish","has-post-thumbnail","hentry"],"acf":[],"yoast_head":"<!-- This site is optimized with the Yoast SEO plugin v24.2 - https:\/\/yoast.com\/wordpress\/plugins\/seo\/ -->\n<title>Una font com cap altra al m\u00f3n: estudi i protecci\u00f3 dels animals end\u00e8mics que hi habiten - MUCBO<\/title>\n<meta name=\"robots\" content=\"index, follow, max-snippet:-1, max-image-preview:large, max-video-preview:-1\" \/>\n<link rel=\"canonical\" href=\"https:\/\/mucbo.org\/es\/projectes-mucbo\/una-font-com-cap-altra-al-mon-estudi-i-proteccio-dels-animals-endemics-que-hi-habiten\/\" \/>\n<meta property=\"og:locale\" content=\"es_ES\" \/>\n<meta property=\"og:type\" content=\"article\" \/>\n<meta property=\"og:title\" content=\"Una font com cap altra al m\u00f3n: estudi i protecci\u00f3 dels animals end\u00e8mics que hi habiten - MUCBO\" \/>\n<meta property=\"og:description\" content=\"El MUCBO | Museu de Ci\u00e8ncies Naturals ha netejat la s\u00edquia que hi ha darrere la casa del Museu, ja que s\u2019ha comprovat que hi habiten diverses esp\u00e8cies d\u2019esp\u00e8cies end\u00e8miques (caragols, crustacis&#8230;). Aquesta acci\u00f3 de conservaci\u00f3 s\u2019ha fet paral\u00b7lelament a un mostreig i estudi d\u2019aquests animals. Amb la col\u00b7laboraci\u00f3 de Lluc Garcia, de la Societat [&hellip;]\" \/>\n<meta property=\"og:url\" content=\"https:\/\/mucbo.org\/es\/projectes-mucbo\/una-font-com-cap-altra-al-mon-estudi-i-proteccio-dels-animals-endemics-que-hi-habiten\/\" \/>\n<meta property=\"og:site_name\" content=\"MUCBO\" \/>\n<meta property=\"article:modified_time\" content=\"2025-09-24T14:01:18+00:00\" \/>\n<meta property=\"og:image\" content=\"https:\/\/mucbo.org\/wp-content\/uploads\/Una-font-com-cap-altra-al-m0n_-estudi-i-proteccio-dels-animals-endemics-que-hi-habiten.jpg\" \/>\n\t<meta property=\"og:image:width\" content=\"1600\" \/>\n\t<meta property=\"og:image:height\" content=\"1200\" \/>\n\t<meta property=\"og:image:type\" content=\"image\/jpeg\" \/>\n<meta name=\"twitter:card\" content=\"summary_large_image\" \/>\n<meta name=\"twitter:label1\" content=\"Tiempo de lectura\" \/>\n\t<meta name=\"twitter:data1\" content=\"1 minuto\" \/>\n<script type=\"application\/ld+json\" class=\"yoast-schema-graph\">{\"@context\":\"https:\/\/schema.org\",\"@graph\":[{\"@type\":\"WebPage\",\"@id\":\"https:\/\/mucbo.org\/es\/projectes-mucbo\/una-font-com-cap-altra-al-mon-estudi-i-proteccio-dels-animals-endemics-que-hi-habiten\/\",\"url\":\"https:\/\/mucbo.org\/es\/projectes-mucbo\/una-font-com-cap-altra-al-mon-estudi-i-proteccio-dels-animals-endemics-que-hi-habiten\/\",\"name\":\"Una font com cap altra al m\u00f3n: estudi i protecci\u00f3 dels animals end\u00e8mics que hi habiten - MUCBO\",\"isPartOf\":{\"@id\":\"https:\/\/mucbo.org\/es\/#website\"},\"primaryImageOfPage\":{\"@id\":\"https:\/\/mucbo.org\/es\/projectes-mucbo\/una-font-com-cap-altra-al-mon-estudi-i-proteccio-dels-animals-endemics-que-hi-habiten\/#primaryimage\"},\"image\":{\"@id\":\"https:\/\/mucbo.org\/es\/projectes-mucbo\/una-font-com-cap-altra-al-mon-estudi-i-proteccio-dels-animals-endemics-que-hi-habiten\/#primaryimage\"},\"thumbnailUrl\":\"https:\/\/mucbo.org\/wp-content\/uploads\/Una-font-com-cap-altra-al-m0n_-estudi-i-proteccio-dels-animals-endemics-que-hi-habiten.jpg\",\"datePublished\":\"2025-09-24T14:00:00+00:00\",\"dateModified\":\"2025-09-24T14:01:18+00:00\",\"breadcrumb\":{\"@id\":\"https:\/\/mucbo.org\/es\/projectes-mucbo\/una-font-com-cap-altra-al-mon-estudi-i-proteccio-dels-animals-endemics-que-hi-habiten\/#breadcrumb\"},\"inLanguage\":\"es\",\"potentialAction\":[{\"@type\":\"ReadAction\",\"target\":[\"https:\/\/mucbo.org\/es\/projectes-mucbo\/una-font-com-cap-altra-al-mon-estudi-i-proteccio-dels-animals-endemics-que-hi-habiten\/\"]}]},{\"@type\":\"ImageObject\",\"inLanguage\":\"es\",\"@id\":\"https:\/\/mucbo.org\/es\/projectes-mucbo\/una-font-com-cap-altra-al-mon-estudi-i-proteccio-dels-animals-endemics-que-hi-habiten\/#primaryimage\",\"url\":\"https:\/\/mucbo.org\/wp-content\/uploads\/Una-font-com-cap-altra-al-m0n_-estudi-i-proteccio-dels-animals-endemics-que-hi-habiten.jpg\",\"contentUrl\":\"https:\/\/mucbo.org\/wp-content\/uploads\/Una-font-com-cap-altra-al-m0n_-estudi-i-proteccio-dels-animals-endemics-que-hi-habiten.jpg\",\"width\":1600,\"height\":1200},{\"@type\":\"BreadcrumbList\",\"@id\":\"https:\/\/mucbo.org\/es\/projectes-mucbo\/una-font-com-cap-altra-al-mon-estudi-i-proteccio-dels-animals-endemics-que-hi-habiten\/#breadcrumb\",\"itemListElement\":[{\"@type\":\"ListItem\",\"position\":1,\"name\":\"Inicio\",\"item\":\"https:\/\/mucbo.org\/es\/\"},{\"@type\":\"ListItem\",\"position\":2,\"name\":\"Una font com cap altra al m\u00f3n: estudi i protecci\u00f3 dels animals end\u00e8mics que hi habiten\"}]},{\"@type\":\"WebSite\",\"@id\":\"https:\/\/mucbo.org\/es\/#website\",\"url\":\"https:\/\/mucbo.org\/es\/\",\"name\":\"MUCBO\",\"description\":\"Fundaci\u00f3 Jard\u00ed Bot\u00e0nic de S\u00f3ller - Museu Balear de Ci\u00e8ncies Naturals\",\"potentialAction\":[{\"@type\":\"SearchAction\",\"target\":{\"@type\":\"EntryPoint\",\"urlTemplate\":\"https:\/\/mucbo.org\/es\/?s={search_term_string}\"},\"query-input\":{\"@type\":\"PropertyValueSpecification\",\"valueRequired\":true,\"valueName\":\"search_term_string\"}}],\"inLanguage\":\"es\"}]}<\/script>\n<!-- \/ Yoast SEO plugin. -->","yoast_head_json":{"title":"Una font com cap altra al m\u00f3n: estudi i protecci\u00f3 dels animals end\u00e8mics que hi habiten - MUCBO","robots":{"index":"index","follow":"follow","max-snippet":"max-snippet:-1","max-image-preview":"max-image-preview:large","max-video-preview":"max-video-preview:-1"},"canonical":"https:\/\/mucbo.org\/es\/projectes-mucbo\/una-font-com-cap-altra-al-mon-estudi-i-proteccio-dels-animals-endemics-que-hi-habiten\/","og_locale":"es_ES","og_type":"article","og_title":"Una font com cap altra al m\u00f3n: estudi i protecci\u00f3 dels animals end\u00e8mics que hi habiten - MUCBO","og_description":"El MUCBO | Museu de Ci\u00e8ncies Naturals ha netejat la s\u00edquia que hi ha darrere la casa del Museu, ja que s\u2019ha comprovat que hi habiten diverses esp\u00e8cies d\u2019esp\u00e8cies end\u00e8miques (caragols, crustacis&#8230;). Aquesta acci\u00f3 de conservaci\u00f3 s\u2019ha fet paral\u00b7lelament a un mostreig i estudi d\u2019aquests animals. Amb la col\u00b7laboraci\u00f3 de Lluc Garcia, de la Societat [&hellip;]","og_url":"https:\/\/mucbo.org\/es\/projectes-mucbo\/una-font-com-cap-altra-al-mon-estudi-i-proteccio-dels-animals-endemics-que-hi-habiten\/","og_site_name":"MUCBO","article_modified_time":"2025-09-24T14:01:18+00:00","og_image":[{"width":1600,"height":1200,"url":"https:\/\/mucbo.org\/wp-content\/uploads\/Una-font-com-cap-altra-al-m0n_-estudi-i-proteccio-dels-animals-endemics-que-hi-habiten.jpg","type":"image\/jpeg"}],"twitter_card":"summary_large_image","twitter_misc":{"Tiempo de lectura":"1 minuto"},"schema":{"@context":"https:\/\/schema.org","@graph":[{"@type":"WebPage","@id":"https:\/\/mucbo.org\/es\/projectes-mucbo\/una-font-com-cap-altra-al-mon-estudi-i-proteccio-dels-animals-endemics-que-hi-habiten\/","url":"https:\/\/mucbo.org\/es\/projectes-mucbo\/una-font-com-cap-altra-al-mon-estudi-i-proteccio-dels-animals-endemics-que-hi-habiten\/","name":"Una font com cap altra al m\u00f3n: estudi i protecci\u00f3 dels animals end\u00e8mics que hi habiten - MUCBO","isPartOf":{"@id":"https:\/\/mucbo.org\/es\/#website"},"primaryImageOfPage":{"@id":"https:\/\/mucbo.org\/es\/projectes-mucbo\/una-font-com-cap-altra-al-mon-estudi-i-proteccio-dels-animals-endemics-que-hi-habiten\/#primaryimage"},"image":{"@id":"https:\/\/mucbo.org\/es\/projectes-mucbo\/una-font-com-cap-altra-al-mon-estudi-i-proteccio-dels-animals-endemics-que-hi-habiten\/#primaryimage"},"thumbnailUrl":"https:\/\/mucbo.org\/wp-content\/uploads\/Una-font-com-cap-altra-al-m0n_-estudi-i-proteccio-dels-animals-endemics-que-hi-habiten.jpg","datePublished":"2025-09-24T14:00:00+00:00","dateModified":"2025-09-24T14:01:18+00:00","breadcrumb":{"@id":"https:\/\/mucbo.org\/es\/projectes-mucbo\/una-font-com-cap-altra-al-mon-estudi-i-proteccio-dels-animals-endemics-que-hi-habiten\/#breadcrumb"},"inLanguage":"es","potentialAction":[{"@type":"ReadAction","target":["https:\/\/mucbo.org\/es\/projectes-mucbo\/una-font-com-cap-altra-al-mon-estudi-i-proteccio-dels-animals-endemics-que-hi-habiten\/"]}]},{"@type":"ImageObject","inLanguage":"es","@id":"https:\/\/mucbo.org\/es\/projectes-mucbo\/una-font-com-cap-altra-al-mon-estudi-i-proteccio-dels-animals-endemics-que-hi-habiten\/#primaryimage","url":"https:\/\/mucbo.org\/wp-content\/uploads\/Una-font-com-cap-altra-al-m0n_-estudi-i-proteccio-dels-animals-endemics-que-hi-habiten.jpg","contentUrl":"https:\/\/mucbo.org\/wp-content\/uploads\/Una-font-com-cap-altra-al-m0n_-estudi-i-proteccio-dels-animals-endemics-que-hi-habiten.jpg","width":1600,"height":1200},{"@type":"BreadcrumbList","@id":"https:\/\/mucbo.org\/es\/projectes-mucbo\/una-font-com-cap-altra-al-mon-estudi-i-proteccio-dels-animals-endemics-que-hi-habiten\/#breadcrumb","itemListElement":[{"@type":"ListItem","position":1,"name":"Inicio","item":"https:\/\/mucbo.org\/es\/"},{"@type":"ListItem","position":2,"name":"Una font com cap altra al m\u00f3n: estudi i protecci\u00f3 dels animals end\u00e8mics que hi habiten"}]},{"@type":"WebSite","@id":"https:\/\/mucbo.org\/es\/#website","url":"https:\/\/mucbo.org\/es\/","name":"MUCBO","description":"Fundaci\u00f3 Jard\u00ed Bot\u00e0nic de S\u00f3ller - Museu Balear de Ci\u00e8ncies Naturals","potentialAction":[{"@type":"SearchAction","target":{"@type":"EntryPoint","urlTemplate":"https:\/\/mucbo.org\/es\/?s={search_term_string}"},"query-input":{"@type":"PropertyValueSpecification","valueRequired":true,"valueName":"search_term_string"}}],"inLanguage":"es"}]}},"_links":{"self":[{"href":"https:\/\/mucbo.org\/es\/wp-json\/wp\/v2\/projectes-mucbo\/4796","targetHints":{"allow":["GET"]}}],"collection":[{"href":"https:\/\/mucbo.org\/es\/wp-json\/wp\/v2\/projectes-mucbo"}],"about":[{"href":"https:\/\/mucbo.org\/es\/wp-json\/wp\/v2\/types\/projectes-mucbo"}],"wp:featuredmedia":[{"embeddable":true,"href":"https:\/\/mucbo.org\/es\/wp-json\/wp\/v2\/media\/4383"}],"wp:attachment":[{"href":"https:\/\/mucbo.org\/es\/wp-json\/wp\/v2\/media?parent=4796"}],"curies":[{"name":"wp","href":"https:\/\/api.w.org\/{rel}","templated":true}]}}

Una font com cap altra al món: estudi i protecció dels animals endèmics que hi habiten

<p>El MUCBO | Museu de Ciències Naturals ha netejat la síquia que hi ha darrere la casa del Museu, ja que s’ha comprovat que hi habiten diverses espècies d’espècies endèmiques (caragols, crustacis&#8230;). Aquesta acció de conservació s’ha fet paral·lelament a un mostreig i estudi d’aquests animals. Amb la col·laboració de Lluc Garcia, de la Societat d’Amics del Museu de Ciències i Jardí Botànic de Sóller, s’ha realitzat una xerrada divulgativa i s’ha dissenyat un panell que s’ha col·locat devora la font per tal que els visitants entenguin la seva importància. Aquest projecte ha estat finançat per CaixaBank, en el marc dels ajuts de la convocatòria de medi ambient 2023.</p><figure class="wp-block-image size-full is-resized"><img decoding="async" width="2560" height="529" src="https://mucbo.org/wp-content/uploads/Logo_CaixaBank.svg.png" alt="" class="wp-image-3357" style="width:250px" srcset="https://mucbo.org/wp-content/uploads/Logo_CaixaBank.svg.png 2560w, https://mucbo.org/wp-content/uploads/Logo_CaixaBank.svg-768x159.png 768w, https://mucbo.org/wp-content/uploads/Logo_CaixaBank.svg-1536x317.png 1536w, https://mucbo.org/wp-content/uploads/Logo_CaixaBank.svg-2048x423.png 2048w, https://mucbo.org/wp-content/uploads/Logo_CaixaBank.svg-600x124.png 600w" sizes="(max-width: 2560px) 100vw, 2560px" /></figure>

<!-- This site is optimized with the Yoast SEO plugin v24.2 - https://yoast.com/wordpress/plugins/seo/ -->
<title>Una font com cap altra al món: estudi i protecció dels animals endèmics que hi habiten - MUCBO</title>
<meta name="robots" content="index, follow, max-snippet:-1, max-image-preview:large, max-video-preview:-1" />
<link rel="canonical" href="https://mucbo.org/es/projectes-mucbo/una-font-com-cap-altra-al-mon-estudi-i-proteccio-dels-animals-endemics-que-hi-habiten/" />
<meta property="og:locale" content="es_ES" />
<meta property="og:type" content="article" />
<meta property="og:title" content="Una font com cap altra al món: estudi i protecció dels animals endèmics que hi habiten - MUCBO" />
<meta property="og:description" content="El MUCBO | Museu de Ciències Naturals ha netejat la síquia que hi ha darrere la casa del Museu, ja que s’ha comprovat que hi habiten diverses espècies d’espècies endèmiques (caragols, crustacis&#8230;). Aquesta acció de conservació s’ha fet paral·lelament a un mostreig i estudi d’aquests animals. Amb la col·laboració de Lluc Garcia, de la Societat [&hellip;]" />
<meta property="og:url" content="https://mucbo.org/es/projectes-mucbo/una-font-com-cap-altra-al-mon-estudi-i-proteccio-dels-animals-endemics-que-hi-habiten/" />
<meta property="og:site_name" content="MUCBO" />
<meta property="article:modified_time" content="2025-09-24T14:01:18+00:00" />
<meta property="og:image" content="https://mucbo.org/wp-content/uploads/Una-font-com-cap-altra-al-m0n_-estudi-i-proteccio-dels-animals-endemics-que-hi-habiten.jpg" />
	<meta property="og:image:width" content="1600" />
	<meta property="og:image:height" content="1200" />
	<meta property="og:image:type" content="image/jpeg" />
<meta name="twitter:card" content="summary_large_image" />
<meta name="twitter:label1" content="Tiempo de lectura" />
	<meta name="twitter:data1" content="1 minuto" />
<script type="application/ld+json" class="yoast-schema-graph">{"@context":"https://schema.org","@graph":[{"@type":"WebPage","@id":"https://mucbo.org/es/projectes-mucbo/una-font-com-cap-altra-al-mon-estudi-i-proteccio-dels-animals-endemics-que-hi-habiten/","url":"https://mucbo.org/es/projectes-mucbo/una-font-com-cap-altra-al-mon-estudi-i-proteccio-dels-animals-endemics-que-hi-habiten/","name":"Una font com cap altra al món: estudi i protecció dels animals endèmics que hi habiten - MUCBO","isPartOf":{"@id":"https://mucbo.org/es/#website"},"primaryImageOfPage":{"@id":"https://mucbo.org/es/projectes-mucbo/una-font-com-cap-altra-al-mon-estudi-i-proteccio-dels-animals-endemics-que-hi-habiten/#primaryimage"},"image":{"@id":"https://mucbo.org/es/projectes-mucbo/una-font-com-cap-altra-al-mon-estudi-i-proteccio-dels-animals-endemics-que-hi-habiten/#primaryimage"},"thumbnailUrl":"https://mucbo.org/wp-content/uploads/Una-font-com-cap-altra-al-m0n_-estudi-i-proteccio-dels-animals-endemics-que-hi-habiten.jpg","datePublished":"2025-09-24T14:00:00+00:00","dateModified":"2025-09-24T14:01:18+00:00","breadcrumb":{"@id":"https://mucbo.org/es/projectes-mucbo/una-font-com-cap-altra-al-mon-estudi-i-proteccio-dels-animals-endemics-que-hi-habiten/#breadcrumb"},"inLanguage":"es","potentialAction":[{"@type":"ReadAction","target":["https://mucbo.org/es/projectes-mucbo/una-font-com-cap-altra-al-mon-estudi-i-proteccio-dels-animals-endemics-que-hi-habiten/"]}]},{"@type":"ImageObject","inLanguage":"es","@id":"https://mucbo.org/es/projectes-mucbo/una-font-com-cap-altra-al-mon-estudi-i-proteccio-dels-animals-endemics-que-hi-habiten/#primaryimage","url":"https://mucbo.org/wp-content/uploads/Una-font-com-cap-altra-al-m0n_-estudi-i-proteccio-dels-animals-endemics-que-hi-habiten.jpg","contentUrl":"https://mucbo.org/wp-content/uploads/Una-font-com-cap-altra-al-m0n_-estudi-i-proteccio-dels-animals-endemics-que-hi-habiten.jpg","width":1600,"height":1200},{"@type":"BreadcrumbList","@id":"https://mucbo.org/es/projectes-mucbo/una-font-com-cap-altra-al-mon-estudi-i-proteccio-dels-animals-endemics-que-hi-habiten/#breadcrumb","itemListElement":[{"@type":"ListItem","position":1,"name":"Inicio","item":"https://mucbo.org/es/"},{"@type":"ListItem","position":2,"name":"Una font com cap altra al món: estudi i protecció dels animals endèmics que hi habiten"}]},{"@type":"WebSite","@id":"https://mucbo.org/es/#website","url":"https://mucbo.org/es/","name":"MUCBO","description":"Fundació Jardí Botànic de Sóller - Museu Balear de Ciències Naturals","potentialAction":[{"@type":"SearchAction","target":{"@type":"EntryPoint","urlTemplate":"https://mucbo.org/es/?s={search_term_string}"},"query-input":{"@type":"PropertyValueSpecification","valueRequired":true,"valueName":"search_term_string"}}],"inLanguage":"es"}]}</script>
<!-- / Yoast SEO plugin. -->

Una font com cap altra al món: estudi i protecció dels animals endèmics que hi habiten - MUCBO

El MUCBO | Museu de Ciències Naturals ha netejat la síquia que hi ha darrere la casa del Museu, ja que s’ha comprovat que hi habiten diverses espècies d’espècies endèmiques (caragols, crustacis&#8230;). Aquesta acció de conservació s’ha fet paral·lelament a un mostreig i estudi d’aquests animals. Amb la col·laboració de Lluc Garcia, de la Societat [&hellip;]

Fundació Jardí Botànic de Sóller - Museu Balear de Ciències Naturals
