{"id":4776,"date":"2024-11-26T10:36:55","date_gmt":"2024-11-26T08:36:55","guid":{"rendered":"https:\/\/mucbo.org\/projectes-mucbo\/els-avantpassats-dels-mamifers-visqueren-a-menorca\/"},"modified":"2024-11-26T10:36:55","modified_gmt":"2024-11-26T08:36:55","slug":"els-avantpassats-dels-mamifers-visqueren-a-menorca","status":"publish","type":"projectes-mucbo","link":"https:\/\/mucbo.org\/es\/projectes-mucbo\/els-avantpassats-dels-mamifers-visqueren-a-menorca\/","title":{"rendered":"Els avantpassats dels mam\u00edfers visqueren a Menorca?"},"content":{"rendered":"<p>El MUCBO | Museu de Ci\u00e8ncies Naturals ha realitzat un estudi cient\u00edfic sobre el primer f\u00f2ssil d\u2019animal vertebrat que es va trobar a les roques del Permi\u00e0 (fa uns 260 milions d\u2019anys) de Menorca. Es tracta d\u2019una esc\u00e0pula (os de l\u2019espatlla equivalent als nostres om\u00f2plats) que podria haver correspost a un vertebrat \u00abpelicosaure\u00bb o ter\u00e0psid (avantpassats dels mam\u00edfers), o b\u00e9 d\u2019un r\u00e8ptil pareiasaure. La recerca ha estat finan\u00e7ada per l\u2019Institut Menorqu\u00ed d\u2019Estudis en el marc dels ajuts d\u2019investigaci\u00f3 de l\u2019IME 2022. <\/p><p>La refer\u00e8ncia de l\u2019estudi cient\u00edfic \u00e9s la seg\u00fcent:<\/p><p><strong>Matamales-Andreu, R.<\/strong> (2023). Noves dades sobre l\u2019os d\u2019un tetr\u00e0pode de gran mida del Permi\u00e0 mitj\u00e0\u2013superior de Menorca (Mediterr\u00e0nia occidental). <em>Bollet\u00ed de la Societat d\u2019Hist\u00f2ria Natural de Balears<\/em>, 66: 75\u201385 (<a href=\"https:\/\/ibdigital.uib.es\/greenstone\/sites\/localsite\/collect\/bolletiHistoriaNatural\/index\/assoc\/Bolleti_\/2023v066\/_p075.dir\/Bolleti_2023v066_p075.pdf\" target=\"_blank\" rel=\"noreferrer noopener\"><strong>Veure PDF<\/strong><\/a>)<\/p><figure class=\"wp-block-image size-full is-resized\"><img decoding=\"async\" width=\"300\" height=\"300\" src=\"https:\/\/mucbo.org\/wp-content\/uploads\/logo.png\" alt=\"\" class=\"wp-image-3331\" style=\"width:200px\" srcset=\"https:\/\/mucbo.org\/wp-content\/uploads\/logo.png 300w, https:\/\/mucbo.org\/wp-content\/uploads\/logo-100x100.png 100w\" sizes=\"(max-width: 300px) 100vw, 300px\" \/><\/figure>","protected":false},"featured_media":4270,"template":"","class_list":["post-4776","projectes-mucbo","type-projectes-mucbo","status-publish","has-post-thumbnail","hentry"],"acf":[],"yoast_head":"<!-- This site is optimized with the Yoast SEO plugin v24.2 - https:\/\/yoast.com\/wordpress\/plugins\/seo\/ -->\n<title>Els avantpassats dels mam\u00edfers visqueren a Menorca? - MUCBO<\/title>\n<meta name=\"robots\" content=\"index, follow, max-snippet:-1, max-image-preview:large, max-video-preview:-1\" \/>\n<link rel=\"canonical\" href=\"https:\/\/mucbo.org\/es\/projectes-mucbo\/els-avantpassats-dels-mamifers-visqueren-a-menorca\/\" \/>\n<meta property=\"og:locale\" content=\"es_ES\" \/>\n<meta property=\"og:type\" content=\"article\" \/>\n<meta property=\"og:title\" content=\"Els avantpassats dels mam\u00edfers visqueren a Menorca? - MUCBO\" \/>\n<meta property=\"og:description\" content=\"El MUCBO | Museu de Ci\u00e8ncies Naturals ha realitzat un estudi cient\u00edfic sobre el primer f\u00f2ssil d\u2019animal vertebrat que es va trobar a les roques del Permi\u00e0 (fa uns 260 milions d\u2019anys) de Menorca. Es tracta d\u2019una esc\u00e0pula (os de l\u2019espatlla equivalent als nostres om\u00f2plats) que podria haver correspost a un vertebrat \u00abpelicosaure\u00bb o ter\u00e0psid [&hellip;]\" \/>\n<meta property=\"og:url\" content=\"https:\/\/mucbo.org\/es\/projectes-mucbo\/els-avantpassats-dels-mamifers-visqueren-a-menorca\/\" \/>\n<meta property=\"og:site_name\" content=\"MUCBO\" \/>\n<meta property=\"og:image\" content=\"https:\/\/mucbo.org\/wp-content\/uploads\/logo.png\" \/>\n\t<meta property=\"og:image:width\" content=\"300\" \/>\n\t<meta property=\"og:image:height\" content=\"300\" \/>\n\t<meta property=\"og:image:type\" content=\"image\/png\" \/>\n<meta name=\"twitter:card\" content=\"summary_large_image\" \/>\n<meta name=\"twitter:label1\" content=\"Tiempo de lectura\" \/>\n\t<meta name=\"twitter:data1\" content=\"1 minuto\" \/>\n<script type=\"application\/ld+json\" class=\"yoast-schema-graph\">{\"@context\":\"https:\/\/schema.org\",\"@graph\":[{\"@type\":\"WebPage\",\"@id\":\"https:\/\/mucbo.org\/es\/projectes-mucbo\/els-avantpassats-dels-mamifers-visqueren-a-menorca\/\",\"url\":\"https:\/\/mucbo.org\/es\/projectes-mucbo\/els-avantpassats-dels-mamifers-visqueren-a-menorca\/\",\"name\":\"Els avantpassats dels mam\u00edfers visqueren a Menorca? - MUCBO\",\"isPartOf\":{\"@id\":\"https:\/\/mucbo.org\/es\/#website\"},\"primaryImageOfPage\":{\"@id\":\"https:\/\/mucbo.org\/es\/projectes-mucbo\/els-avantpassats-dels-mamifers-visqueren-a-menorca\/#primaryimage\"},\"image\":{\"@id\":\"https:\/\/mucbo.org\/es\/projectes-mucbo\/els-avantpassats-dels-mamifers-visqueren-a-menorca\/#primaryimage\"},\"thumbnailUrl\":\"https:\/\/mucbo.org\/wp-content\/uploads\/Fig_2.jpg\",\"datePublished\":\"2024-11-26T08:36:55+00:00\",\"dateModified\":\"2024-11-26T08:36:55+00:00\",\"breadcrumb\":{\"@id\":\"https:\/\/mucbo.org\/es\/projectes-mucbo\/els-avantpassats-dels-mamifers-visqueren-a-menorca\/#breadcrumb\"},\"inLanguage\":\"es\",\"potentialAction\":[{\"@type\":\"ReadAction\",\"target\":[\"https:\/\/mucbo.org\/es\/projectes-mucbo\/els-avantpassats-dels-mamifers-visqueren-a-menorca\/\"]}]},{\"@type\":\"ImageObject\",\"inLanguage\":\"es\",\"@id\":\"https:\/\/mucbo.org\/es\/projectes-mucbo\/els-avantpassats-dels-mamifers-visqueren-a-menorca\/#primaryimage\",\"url\":\"https:\/\/mucbo.org\/wp-content\/uploads\/Fig_2.jpg\",\"contentUrl\":\"https:\/\/mucbo.org\/wp-content\/uploads\/Fig_2.jpg\",\"width\":1313,\"height\":1260},{\"@type\":\"BreadcrumbList\",\"@id\":\"https:\/\/mucbo.org\/es\/projectes-mucbo\/els-avantpassats-dels-mamifers-visqueren-a-menorca\/#breadcrumb\",\"itemListElement\":[{\"@type\":\"ListItem\",\"position\":1,\"name\":\"Inicio\",\"item\":\"https:\/\/mucbo.org\/es\/\"},{\"@type\":\"ListItem\",\"position\":2,\"name\":\"Els avantpassats dels mam\u00edfers visqueren a Menorca?\"}]},{\"@type\":\"WebSite\",\"@id\":\"https:\/\/mucbo.org\/es\/#website\",\"url\":\"https:\/\/mucbo.org\/es\/\",\"name\":\"MUCBO\",\"description\":\"Fundaci\u00f3 Jard\u00ed Bot\u00e0nic de S\u00f3ller - Museu Balear de Ci\u00e8ncies Naturals\",\"potentialAction\":[{\"@type\":\"SearchAction\",\"target\":{\"@type\":\"EntryPoint\",\"urlTemplate\":\"https:\/\/mucbo.org\/es\/?s={search_term_string}\"},\"query-input\":{\"@type\":\"PropertyValueSpecification\",\"valueRequired\":true,\"valueName\":\"search_term_string\"}}],\"inLanguage\":\"es\"}]}<\/script>\n<!-- \/ Yoast SEO plugin. -->","yoast_head_json":{"title":"Els avantpassats dels mam\u00edfers visqueren a Menorca? - MUCBO","robots":{"index":"index","follow":"follow","max-snippet":"max-snippet:-1","max-image-preview":"max-image-preview:large","max-video-preview":"max-video-preview:-1"},"canonical":"https:\/\/mucbo.org\/es\/projectes-mucbo\/els-avantpassats-dels-mamifers-visqueren-a-menorca\/","og_locale":"es_ES","og_type":"article","og_title":"Els avantpassats dels mam\u00edfers visqueren a Menorca? - MUCBO","og_description":"El MUCBO | Museu de Ci\u00e8ncies Naturals ha realitzat un estudi cient\u00edfic sobre el primer f\u00f2ssil d\u2019animal vertebrat que es va trobar a les roques del Permi\u00e0 (fa uns 260 milions d\u2019anys) de Menorca. Es tracta d\u2019una esc\u00e0pula (os de l\u2019espatlla equivalent als nostres om\u00f2plats) que podria haver correspost a un vertebrat \u00abpelicosaure\u00bb o ter\u00e0psid [&hellip;]","og_url":"https:\/\/mucbo.org\/es\/projectes-mucbo\/els-avantpassats-dels-mamifers-visqueren-a-menorca\/","og_site_name":"MUCBO","og_image":[{"width":300,"height":300,"url":"https:\/\/mucbo.org\/wp-content\/uploads\/logo.png","type":"image\/png"}],"twitter_card":"summary_large_image","twitter_misc":{"Tiempo de lectura":"1 minuto"},"schema":{"@context":"https:\/\/schema.org","@graph":[{"@type":"WebPage","@id":"https:\/\/mucbo.org\/es\/projectes-mucbo\/els-avantpassats-dels-mamifers-visqueren-a-menorca\/","url":"https:\/\/mucbo.org\/es\/projectes-mucbo\/els-avantpassats-dels-mamifers-visqueren-a-menorca\/","name":"Els avantpassats dels mam\u00edfers visqueren a Menorca? - MUCBO","isPartOf":{"@id":"https:\/\/mucbo.org\/es\/#website"},"primaryImageOfPage":{"@id":"https:\/\/mucbo.org\/es\/projectes-mucbo\/els-avantpassats-dels-mamifers-visqueren-a-menorca\/#primaryimage"},"image":{"@id":"https:\/\/mucbo.org\/es\/projectes-mucbo\/els-avantpassats-dels-mamifers-visqueren-a-menorca\/#primaryimage"},"thumbnailUrl":"https:\/\/mucbo.org\/wp-content\/uploads\/Fig_2.jpg","datePublished":"2024-11-26T08:36:55+00:00","dateModified":"2024-11-26T08:36:55+00:00","breadcrumb":{"@id":"https:\/\/mucbo.org\/es\/projectes-mucbo\/els-avantpassats-dels-mamifers-visqueren-a-menorca\/#breadcrumb"},"inLanguage":"es","potentialAction":[{"@type":"ReadAction","target":["https:\/\/mucbo.org\/es\/projectes-mucbo\/els-avantpassats-dels-mamifers-visqueren-a-menorca\/"]}]},{"@type":"ImageObject","inLanguage":"es","@id":"https:\/\/mucbo.org\/es\/projectes-mucbo\/els-avantpassats-dels-mamifers-visqueren-a-menorca\/#primaryimage","url":"https:\/\/mucbo.org\/wp-content\/uploads\/Fig_2.jpg","contentUrl":"https:\/\/mucbo.org\/wp-content\/uploads\/Fig_2.jpg","width":1313,"height":1260},{"@type":"BreadcrumbList","@id":"https:\/\/mucbo.org\/es\/projectes-mucbo\/els-avantpassats-dels-mamifers-visqueren-a-menorca\/#breadcrumb","itemListElement":[{"@type":"ListItem","position":1,"name":"Inicio","item":"https:\/\/mucbo.org\/es\/"},{"@type":"ListItem","position":2,"name":"Els avantpassats dels mam\u00edfers visqueren a Menorca?"}]},{"@type":"WebSite","@id":"https:\/\/mucbo.org\/es\/#website","url":"https:\/\/mucbo.org\/es\/","name":"MUCBO","description":"Fundaci\u00f3 Jard\u00ed Bot\u00e0nic de S\u00f3ller - Museu Balear de Ci\u00e8ncies Naturals","potentialAction":[{"@type":"SearchAction","target":{"@type":"EntryPoint","urlTemplate":"https:\/\/mucbo.org\/es\/?s={search_term_string}"},"query-input":{"@type":"PropertyValueSpecification","valueRequired":true,"valueName":"search_term_string"}}],"inLanguage":"es"}]}},"_links":{"self":[{"href":"https:\/\/mucbo.org\/es\/wp-json\/wp\/v2\/projectes-mucbo\/4776","targetHints":{"allow":["GET"]}}],"collection":[{"href":"https:\/\/mucbo.org\/es\/wp-json\/wp\/v2\/projectes-mucbo"}],"about":[{"href":"https:\/\/mucbo.org\/es\/wp-json\/wp\/v2\/types\/projectes-mucbo"}],"wp:featuredmedia":[{"embeddable":true,"href":"https:\/\/mucbo.org\/es\/wp-json\/wp\/v2\/media\/4270"}],"wp:attachment":[{"href":"https:\/\/mucbo.org\/es\/wp-json\/wp\/v2\/media?parent=4776"}],"curies":[{"name":"wp","href":"https:\/\/api.w.org\/{rel}","templated":true}]}}

Els avantpassats dels mamífers visqueren a Menorca?

<p>El MUCBO | Museu de Ciències Naturals ha realitzat un estudi científic sobre el primer fòssil d’animal vertebrat que es va trobar a les roques del Permià (fa uns 260 milions d’anys) de Menorca. Es tracta d’una escàpula (os de l’espatlla equivalent als nostres omòplats) que podria haver correspost a un vertebrat «pelicosaure» o teràpsid (avantpassats dels mamífers), o bé d’un rèptil pareiasaure. La recerca ha estat finançada per l’Institut Menorquí d’Estudis en el marc dels ajuts d’investigació de l’IME 2022. </p><p>La referència de l’estudi científic és la següent:</p><p><strong>Matamales-Andreu, R.</strong> (2023). Noves dades sobre l’os d’un tetràpode de gran mida del Permià mitjà–superior de Menorca (Mediterrània occidental). <em>Bolletí de la Societat d’Història Natural de Balears</em>, 66: 75–85 (<a href="https://ibdigital.uib.es/greenstone/sites/localsite/collect/bolletiHistoriaNatural/index/assoc/Bolleti_/2023v066/_p075.dir/Bolleti_2023v066_p075.pdf" target="_blank" rel="noreferrer noopener"><strong>Veure PDF</strong></a>)</p><figure class="wp-block-image size-full is-resized"><img decoding="async" width="300" height="300" src="https://mucbo.org/wp-content/uploads/logo.png" alt="" class="wp-image-3331" style="width:200px" srcset="https://mucbo.org/wp-content/uploads/logo.png 300w, https://mucbo.org/wp-content/uploads/logo-100x100.png 100w" sizes="(max-width: 300px) 100vw, 300px" /></figure>

<!-- This site is optimized with the Yoast SEO plugin v24.2 - https://yoast.com/wordpress/plugins/seo/ -->
<title>Els avantpassats dels mamífers visqueren a Menorca? - MUCBO</title>
<meta name="robots" content="index, follow, max-snippet:-1, max-image-preview:large, max-video-preview:-1" />
<link rel="canonical" href="https://mucbo.org/es/projectes-mucbo/els-avantpassats-dels-mamifers-visqueren-a-menorca/" />
<meta property="og:locale" content="es_ES" />
<meta property="og:type" content="article" />
<meta property="og:title" content="Els avantpassats dels mamífers visqueren a Menorca? - MUCBO" />
<meta property="og:description" content="El MUCBO | Museu de Ciències Naturals ha realitzat un estudi científic sobre el primer fòssil d’animal vertebrat que es va trobar a les roques del Permià (fa uns 260 milions d’anys) de Menorca. Es tracta d’una escàpula (os de l’espatlla equivalent als nostres omòplats) que podria haver correspost a un vertebrat «pelicosaure» o teràpsid [&hellip;]" />
<meta property="og:url" content="https://mucbo.org/es/projectes-mucbo/els-avantpassats-dels-mamifers-visqueren-a-menorca/" />
<meta property="og:site_name" content="MUCBO" />
<meta property="og:image" content="https://mucbo.org/wp-content/uploads/logo.png" />
	<meta property="og:image:width" content="300" />
	<meta property="og:image:height" content="300" />
	<meta property="og:image:type" content="image/png" />
<meta name="twitter:card" content="summary_large_image" />
<meta name="twitter:label1" content="Tiempo de lectura" />
	<meta name="twitter:data1" content="1 minuto" />
<script type="application/ld+json" class="yoast-schema-graph">{"@context":"https://schema.org","@graph":[{"@type":"WebPage","@id":"https://mucbo.org/es/projectes-mucbo/els-avantpassats-dels-mamifers-visqueren-a-menorca/","url":"https://mucbo.org/es/projectes-mucbo/els-avantpassats-dels-mamifers-visqueren-a-menorca/","name":"Els avantpassats dels mamífers visqueren a Menorca? - MUCBO","isPartOf":{"@id":"https://mucbo.org/es/#website"},"primaryImageOfPage":{"@id":"https://mucbo.org/es/projectes-mucbo/els-avantpassats-dels-mamifers-visqueren-a-menorca/#primaryimage"},"image":{"@id":"https://mucbo.org/es/projectes-mucbo/els-avantpassats-dels-mamifers-visqueren-a-menorca/#primaryimage"},"thumbnailUrl":"https://mucbo.org/wp-content/uploads/Fig_2.jpg","datePublished":"2024-11-26T08:36:55+00:00","dateModified":"2024-11-26T08:36:55+00:00","breadcrumb":{"@id":"https://mucbo.org/es/projectes-mucbo/els-avantpassats-dels-mamifers-visqueren-a-menorca/#breadcrumb"},"inLanguage":"es","potentialAction":[{"@type":"ReadAction","target":["https://mucbo.org/es/projectes-mucbo/els-avantpassats-dels-mamifers-visqueren-a-menorca/"]}]},{"@type":"ImageObject","inLanguage":"es","@id":"https://mucbo.org/es/projectes-mucbo/els-avantpassats-dels-mamifers-visqueren-a-menorca/#primaryimage","url":"https://mucbo.org/wp-content/uploads/Fig_2.jpg","contentUrl":"https://mucbo.org/wp-content/uploads/Fig_2.jpg","width":1313,"height":1260},{"@type":"BreadcrumbList","@id":"https://mucbo.org/es/projectes-mucbo/els-avantpassats-dels-mamifers-visqueren-a-menorca/#breadcrumb","itemListElement":[{"@type":"ListItem","position":1,"name":"Inicio","item":"https://mucbo.org/es/"},{"@type":"ListItem","position":2,"name":"Els avantpassats dels mamífers visqueren a Menorca?"}]},{"@type":"WebSite","@id":"https://mucbo.org/es/#website","url":"https://mucbo.org/es/","name":"MUCBO","description":"Fundació Jardí Botànic de Sóller - Museu Balear de Ciències Naturals","potentialAction":[{"@type":"SearchAction","target":{"@type":"EntryPoint","urlTemplate":"https://mucbo.org/es/?s={search_term_string}"},"query-input":{"@type":"PropertyValueSpecification","valueRequired":true,"valueName":"search_term_string"}}],"inLanguage":"es"}]}</script>
<!-- / Yoast SEO plugin. -->

Els avantpassats dels mamífers visqueren a Menorca? - MUCBO

El MUCBO | Museu de Ciències Naturals ha realitzat un estudi científic sobre el primer fòssil d’animal vertebrat que es va trobar a les roques del Permià (fa uns 260 milions d’anys) de Menorca. Es tracta d’una escàpula (os de l’espatlla equivalent als nostres omòplats) que podria haver correspost a un vertebrat «pelicosaure» o teràpsid [&hellip;]

Fundació Jardí Botànic de Sóller - Museu Balear de Ciències Naturals
